is divided by 58.
9
Calculate the remainder when 217 is divided by 109.
108
Calculate the remainder when 196 is divided by 79.
38
Calculate the remainder when 629 is divided by 42.
41
Calculate the remainder when 7098 is divided by 134.
130
Calculate the remainder when 113 is divided by 30.
23
What is the remainder when 115 is divided by 55?
5
What is the remainder when 132 is divided by 39?
15
What is the remainder when 241 is divided by 37?
19
Calculate the remainder when 178 is divided by 97.
81
What is the remainder when 620 is divided by 24?
20
Calculate the remainder when 162 is divided by 127.
35
What is the remainder when 52 is divided by 8?
4
What is the remainder when 497 is divided by 22?
13
Calculate the remainder when 74 is divided by 26.
22
What is the remainder when 891 is divided by 57?
36
Calculate the remainder when 220 is divided by 70.
10
What is the remainder when 3833 is divided by 11?
5
What is the remainder when 388 is divided by 134?
120
What is the remainder when 69 is divided by 29?
11
Calculate the remainder when 63 is divided by 36.
27
Calculate the remainder when 535 is divided by 30.
25
Calculate the remainder when 54 is divided by 49.
5
What is the remainder when 125 is divided by 14?
13
Calculate the remainder when 64 is divided by 46.
18
Calculate the remainder when 1099 is divided by 272.
11
Calculate the remainder when 12188 is divided by 26.
20
Calculate the remainder when 583 is divided by 45.
43
Calculate the remainder when 283 is divided by 85.
28
What is the remainder when 207 is divided by 113?
94
What is the remainder when 286 is divided by 53?
21
Calculate the remainder when 1547 is divided by 20.
7
What is the remainder when 3401 is divided by 63?
62
What is the remainder when 995 is divided by 143?
137
What is the remainder when 103 is divided by 55?
48
What is the remainder when 413 is divided by 88?
61
What is the remainder when 243 is divided by 35?
33
What is the remainder when 689 is divided by 11?
7
What is the remainder when 13466 is divided by 201?
200
What is the remainder when 137 is divided by 10?
7
Calculate the remainder when 457 is divided by 27.
25
What is the remainder when 4025 is divided by 18?
11
Calculate the remainder when 274 is divided by 122.
30
Calculate the remainder when 3997 is divided by 31.
29
Calculate the remainder when 1284 is divided by 39.
36
What is the remainder when 575 is divided by 4?
3
What is the remainder when 82 is divided by 51?
31
What is the remainder when 1447 is divided by 132?
127
Calculate the remainder when 183 is divided by 69.
45
Calculate the remainder when 49 is divided by 17.
15
What is the remainder when 467 is divided by 34?
25
What is the remainder when 29 is divided by 2?
1
Calculate the remainder when 456 is divided by 9.
6
Calculate the remainder when 124 is divided by 25.
24
Calculate the remainder when 111 is divided by 98.
13
What is the remainder when 83 is divided by 39?
5
Calculate the remainder when 736 is divided by 50.
36
What is the remainder when 32 is divided by 18?
14
Calculate the remainder when 95 is divided by 33.
29
Calculate the remainder when 595 is divided by 144.
19
What is the remainder when 782 is divided by 258?
8
What is the remainder when 650 is divided by 48?
26
What is the remainder when 308 is divided by 78?
74
What is the remainder when 2452 is divided by 39?
34
What is the remainder when 10158 is divided by 16?
14
Calculate the remainder when 167 is divided by 8.
7
What is the remainder when 738 is divided by 128?
98
What is the remainder when 82 is divided by 24?
10
Calculate the remainder when 3538 is divided by 60.
58
Calculate the remainder when 187 is divided by 42.
19
Calculate the remainder when 950 is divided by 28.
26
Calculate the remainder when 11 is divided by 5.
1
What is the remainder when 559 is divided by 81?
73
What is the remainder when 2357 is divided by 9?
8
Calculate the remainder when 1060 is divided by 118.
116
Calculate the remainder when 94 is divided by 82.
12
What is the remainder when 2933 is divided by 9?
8
What is the remainder when 258 is divided by 52?
50
What is the remainder when 193 is divided by 14?
11
What is the remainder when 69 is divided by 54?
15
Calculate the remainder when 764 is divided by 249.
17
Calculate the remainder when 32 is divided by 8.
0
Calculate the remainder when 17006 is divided by 270.
266
What is the remainder when 1893 is divided by 100?
93
What is the remainder when 407 is divided by 117?
56
What is the remainder when 766 is divided by 253?
7
Calculate the remainder when 1175 is divided by 14.
13
What is the remainder when 15041 is divided by 46?
45
Calculate the remainder when 227 is divided by 59.
50
Calculate the remainder when 319 is divided by 46.
43
Calculate the remainder when 592 is divided by 7.
4
Calculate the remainder when 61 is divided by 31.
30
Calculate the remainder when 5616 is divided by 181.
5
What is the remainder when 104 is divided by 21?
20
Calculate the remainder when 625 is divided by 209.
207
Calculate the remainder when 33 is divided by 31.
2
Calculate the remainder when 384 is divided by 23.
16
Calculate the remainder when 648 is divided by 73.
64
What is the remainder when 203 is divided by 23?
19
What is the remainder when 32 is divided by 4?
0
What is the remainder when 508 is divided by 49?
18
What is the remainder when 3504 is divided by 110?
94
Calculate the remainder when 105 is divided by 22.
17
What is the remainder when 1633 is divided by 9?
4
Calculate the remainder when 1295 is divided by 24.
23
What is the remainder when 111 is divided by 17?
9
Calculate the remainder when 182 is divided by 72.
38
What is the remainder when 3000 is divided by 21?
18
What is the remainder when 6109 is divided by 9?
7
What is the remainder when 132 is divided by 48?
36
What is the remainder when 717 is divided by 103?
99
What is the remainder when 225 is divided by 76?
73
What is the remainder when 285 is divided by 8?
5
Calculate the remainder when 9 is divided by 1.
0
What is the remainder when 755 is divided by 250?
5
What is the remainder when 281 is divided by 95?
91
What is the remainder when 607 is divided by 14?
5
What is the remainder when 23 is divided by 7?
2
What is the remainder when 198 is divided by 32?
6
What is the remainder when 159 is divided by 5?
4
Calculate the remainder when 342 is divided by 27.
18
What is the remainder when 204 is divided by 189?
15
Calculate the remainder when 2041 is divided by 49.
32
Calculate the remainder when 86 is divided by 31.
24
What is the remainder when 320 is divided by 67?
52
What is the remainder when 75 is divided by 18?
3
What is the remainder when 3762 is divided by 61?
41
What is the remainder when 388 is divided by 78?
76
What is the remainder when 251 is divided by 28?
27
What is the remainder when 479 is divided by 61?
52
What is the remainder when 69 is divided by 10?
9
Calculate the remainder when 909 is divided by 42.
27
Calculate the remainder when 4781 is divided by 26.
23
Calculate the remainder when 47 is divided by 7.
5
Calculate the remainder when 6627 is divided by 102.
99
Calculate the remainder when 2184 is divided by 46.
22
What is the remainder when 18 is divided by 15?
3
What is the remainder when 10784 is divided by 161?
158
What is the remainder when 72 is divided by 26?
20
Calculate the remainder when 559 is divided by 35.
34
Calculate the remainder when 13078 is divided by 20.
18
What is the remainder when 173 is divided by 37?
25
Calculate the remainder when 629 is divided by 350.
279
Calculate the remainder when 201 is divided by 41.
37
What is the remainder when 7181 is divided by 16?
13
Calculate the remainder when 582 is divided by 127.
74
Calculate the remainder when 68 is divided by 5.
3
What is the remainder when 2604 is divided by 82?
62
What is the remainder when 77 is divided by 15?
2
What is the remainder when 135 is divided by 4?
3
Calculate the remainder when 134 is divided by 54.
26
Calculate the remainder when 392 is divided by 194.
4
Calculate the remainder when 1312 is divided by 88.
80
Calculate the remainder when 262 is divided by 8.
6
Calculate the remainder when 77 is divided by 10.
7
Calculate the remainder when 1